{"id":677,"date":"2016-06-28T10:03:46","date_gmt":"2016-06-28T13:03:46","guid":{"rendered":"http:\/\/niteroiense.org.br\/novosite\/cursos\/curso-basico-de-montanhismo\/"},"modified":"2024-06-24T05:23:04","modified_gmt":"2024-06-24T08:23:04","slug":"curso-basico-de-montanhismo","status":"publish","type":"page","link":"https:\/\/www.niteroiense.org.br\/2025\/cursos\/curso-basico-de-montanhismo\/","title":{"rendered":"Curso B\u00e1sico de Montanhismo"},"content":{"rendered":"[vc_row][vc_column][vc_column_text]<strong>O Curso:<\/strong><\/p>\n<p>O CNM oferece o Curso B\u00e1sico de Montanhismo (CBM) que consiste na capacita\u00e7\u00e3o do aluno em conhecer e saber aplicar pr\u00e1ticas e procedimentos b\u00e1sicos de montanhismo (trilha, escalada, rapel, acampamento, planejamento de atividades etc\u2026), atrav\u00e9s do ensino de t\u00e9cnicas b\u00e1sicas para que o praticante possa realizar a pratica do montanhismo com seguran\u00e7a, conhecimento e \u00e9tica.<\/p>\n<p>As aulas ir\u00e3o abranger os seguintes t\u00f3picos: Montanhismo e \u00c9tica; Meio Ambiente e M\u00ednimo Impacto, Preven\u00e7\u00e3o de acidentes;<\/p>\n<p>Orienta\u00e7\u00e3o em trilhas; Nutri\u00e7\u00e3o, Equipamentos de Escalada, Caminhada, acampamento, N\u00f3s e cordas, T\u00e9cnicas de Caminhada, Escalada, Rapel e Acampamento, Manejo de trilhas.<\/p>\n<p><span style=\"font-size: 1rem;\">O nosso CBM tem certifica\u00e7\u00e3o pela Federa\u00e7\u00e3o de Esportes de Montanha do Estado do Rio de Janeiro &#8211; FEEMERJ, cumprindo todos os requisitos necess\u00e1rios exigidos.<\/span><\/p>\n<p><img decoding=\"async\" class=\"wp-image-30046 alignnone\" style=\"font-size: 1rem;\" src=\"https:\/\/www.niteroiense.org.br\/2025\/wp-content\/uploads\/2024\/05\/log-feemerj_curso_homologado-340x340.png\" alt=\"\" width=\"160\" height=\"164\" srcset=\"https:\/\/www.niteroiense.org.br\/2025\/wp-content\/uploads\/2024\/05\/log-feemerj_curso_homologado-782x800.png 782w, https:\/\/www.niteroiense.org.br\/2025\/wp-content\/uploads\/2024\/05\/log-feemerj_curso_homologado-768x786.png 768w, https:\/\/www.niteroiense.org.br\/2025\/wp-content\/uploads\/2024\/05\/log-feemerj_curso_homologado-624x638.png 624w, https:\/\/www.niteroiense.org.br\/2025\/wp-content\/uploads\/2024\/05\/log-feemerj_curso_homologado-510x522.png 510w, https:\/\/www.niteroiense.org.br\/2025\/wp-content\/uploads\/2024\/05\/log-feemerj_curso_homologado.png 832w\" sizes=\"(max-width: 160px) 100vw, 160px\" \/><\/p>\n<p><strong>Programa\u00e7\u00e3o:<\/strong><\/p>\n<p>O CBM consiste em 48 aulas, das quais 25 s\u00e3o pr\u00e1ticas e ocorrem aos finais de semana, enquanto que 23 s\u00e3o te\u00f3ricas e acontecem na sede do clube nas ter\u00e7as e quinta feira, no hor\u00e1rio da noite (19:00 \u00e0s 21:30).<\/p>\n<p>Cada Turma ter\u00e1 um calend\u00e1rio pr\u00e9-estabelecido, mas suas datas podem ser alteradas em fun\u00e7\u00e3o da previs\u00e3o do tempo ou de algum contratempo n\u00e3o previsto ou se previamente combinado com todos os participantes.<\/p>\n<p>As aulas pr\u00e1ticas ocorrem em Niter\u00f3i e munic\u00edpios lim\u00edtrofes, por\u00e9m algumas delas podem ocorrer na regi\u00e3o serrana fluminense.<\/p>\n<p>As aulas ter\u00e3o in\u00edcio previsto no dia 25\/06\/2024 com previs\u00e3o de t\u00e9rmino em 28\/09\/2024, caso n\u00e3o haja necessidade de remarcar atividade, conforme calend\u00e1rio divulgado.<\/p>\n<p>O aluno dever\u00e1 ter disposi\u00e7\u00e3o de data para todas as aulas do calend\u00e1rio. Informa\u00e7\u00f5es a respeito de faltas e custos de aulas de reposi\u00e7\u00e3o encontram-se na ficha de inscri\u00e7\u00e3o dispon\u00edvel no t\u00edtulo \u201cInscri\u00e7\u00f5es\u201d desta p\u00e1gina.<\/p>\n<p><strong>Custo<\/strong><\/p>\n<p>O curso tem as seguintes op\u00e7\u00f5es de custo:<br \/>\n1 \u2013 R$ 1.500,00 \u2013 N\u00e3o associado, com o empr\u00e9stimo de material; <a href=\"https:\/\/www.niteroiense.org.br\/2025\/produto\/curso-basico-de-montanhismo\/\">Clique aqui<\/a><br \/>\n2 \u2013 R$ 1.400,00 \u2013 N\u00e3o associado, sem o empr\u00e9stimo do material; <a href=\"https:\/\/www.niteroiense.org.br\/2025\/produto\/curso-basico-de-\u2026o_sem-emprestimo\/\">Clique aqui<\/a><br \/>\n3 \u2013 R$ 1.350,00 \u2013 Associado, com empr\u00e9stimo de material. <a href=\"https:\/\/www.niteroiense.org.br\/2025\/produto\/curso-basico-de-\u2026nhismo-associado\/\">Clique aqui<\/a><br \/>\n4 \u2013 R$ 1.250,00 \u2013 Associado, sem empr\u00e9stimo de material. <a href=\"https:\/\/www.niteroiense.org.br\/2025\/produto\/curso-basico-de-\u2026o-de-equipamento\/\">Clique aqui<\/a><\/p>\n<p>Forma de Pagamento: Estes valores s\u00e3o para o pagamento a vista ou podem ser parcelados de acordo com o PagSeguro (com juros).<\/p>\n<p>A confirma\u00e7\u00e3o da reserva da sua vaga ser\u00e1 feita mediante o pagamento do curso no site. Mas se por um acaso, voc\u00ea tenha feito o pagamento da reserva e o curso n\u00e3o ocorra, devolveremos imediatamente o que foi pago.<\/p>\n<p><strong>Vagas<\/strong><\/p>\n<p>Cada turma ter\u00e1 um m\u00ednimo de 6 e m\u00e1ximo de 8 alunos<\/p>\n<p><strong>Pacote<\/strong><\/p>\n<p>Ao se inscrever no curso, al\u00e9m das aulas, o aluno ter\u00e1 direito a:<\/p>\n<p>1 \u2013 Uma semestralidade de associado do CNM;<br \/>\n2 \u2013 Uma camisa do CNM;<br \/>\n3 \u2013 Material did\u00e1tico;<br \/>\n4 \u2013 Empr\u00e9stimo de Kit b\u00e1sico para as aulas de escalada (Capacete, cadeirinha, mosquet\u00f5es, cordeletes, fitas e freio atc) \u2013 Exceto Sapatilha.<br \/>\nOBS: O aluno dever\u00e1 adquirir sapatilha antes do in\u00edcio das aulas pr\u00e1ticas de escalada. No dia 4\/junho ser\u00e3o prestadas orienta\u00e7\u00f5es a respeito da sapatilha na sede do CNM, no entanto o candidato ao curso poder\u00e1 tirar d\u00favidas na sede agendando com o coordenador do Curso, atrav\u00e9s do whatsapp do CNM. A sede do CNM funciona \u00e0s ter\u00e7as e quintas de 19h \u00e0s 21h.<\/p>\n<p>Obs: Equipamentos de acampamento (barraca, saco de dormir, isolante t\u00e9rmico etc,..) e caminhada n\u00e3o s\u00e3o fornecidos pelo CNM.<\/p>\n<p><strong>Pr\u00e9-requisitos<\/strong><\/p>\n<p>Qualquer pessoa que esteja apto para a pr\u00e1tica de esportes, possuindo atestado m\u00e9dico neste sentido, est\u00e1 habilitada para fazer o curso, lembrando que n\u00e3o \u00e9 necess\u00e1rio ser membro do clube para participar.<\/p>\n<p>A idade m\u00ednima para participar do curso \u00e9 18 anos.<\/p>\n<p>Quanto ao material, n\u00f3s iremos informar o que \u00e9 necess\u00e1rio na primeira aula.<\/p>\n<p>A partir do dia 4\/jun, \u00e0s ter\u00e7as e quintas-feiras, exceto v\u00e9spera de feriado a coordena\u00e7\u00e3o do curso estar\u00e1 na sede de 19h \u00e0s 21h para tirar d\u00favidas do curso.<strong>\u00a0<\/strong><\/p>\n<p><strong>Instrutores<\/strong><\/p>\n<p>Os instrutores do CBM s\u00e3o formados pelo corpo de guia de escalada do CNM, de forma volunt\u00e1ria, que possuem forma\u00e7\u00e3o e experi\u00eancia suficientes para promover a atividade com a qualidade e seguran\u00e7a exigidas.<\/p>\n<p><strong>Pr\u00f3xima Turma<\/strong><\/p>\n<p>O cronograma da pr\u00f3xima turma que ter\u00e1 in\u00edcio em 25\/06\/2024, conforme calend\u00e1rio abaixo:<\/p>\n<p><strong><img fetchpriority=\"high\" decoding=\"async\" class=\"alignnone wp-image-30042 size-full\" src=\"https:\/\/www.niteroiense.org.br\/2025\/wp-content\/uploads\/2024\/05\/calendario_divulgacao.jpg\" alt=\"\" width=\"646\" height=\"1063\" srcset=\"https:\/\/www.niteroiense.org.br\/2025\/wp-content\/uploads\/2024\/05\/calendario_divulgacao.jpg 646w, https:\/\/www.niteroiense.org.br\/2025\/wp-content\/uploads\/2024\/05\/calendario_divulgacao-486x800.jpg 486w, https:\/\/www.niteroiense.org.br\/2025\/wp-content\/uploads\/2024\/05\/calendario_divulgacao-624x1027.jpg 624w, https:\/\/www.niteroiense.org.br\/2025\/wp-content\/uploads\/2024\/05\/calendario_divulgacao-510x839.jpg 510w\" sizes=\"(max-width: 646px) 100vw, 646px\" \/>Hor\u00e1rio das Aulas<\/strong><\/p>\n<p>As aulas te\u00f3ricas ser\u00e3o realizadas na sede do CNM no hor\u00e1rio de 19:00 \u00e0s 21:30.<\/p>\n<p>Quanto as aulas pr\u00e1ticas os hor\u00e1rios das aulas ir\u00e3o variar de acordo com a atividade do dia, podendo durar meio dia ou o dia inteiro, com exce\u00e7\u00e3o das aulas de acampamento que ter\u00e1 dura\u00e7\u00e3o de um final de semana com pernoite.<\/p>\n<p>O aluno dever\u00e1 se organizar de forma a estar dispon\u00edvel para fazer as aulas em todas as datas do calend\u00e1rio.<\/p>\n<p><strong>Para realizar sua inscri\u00e7\u00e3o no CBM:<\/strong><\/p>\n<p>1 &#8211; Ler a ficha de inscri\u00e7\u00e3o dispon\u00edvel no link abaixo. Esta ficha funciona como o contrato do curso e tem informa\u00e7\u00f5es importantes;<br \/>\n2 &#8211; Ap\u00f3s ler e concordar com os termos apresentados na ficha de inscri\u00e7\u00e3o : Fazer a compra do curso\u00a0 (<a href=\"https:\/\/www.niteroiense.org.br\/2025\/produto\/curso-basico-de-montanhismo\/\">Clique aqui para acessar o curso na loja<\/a>);<br \/>\n3 &#8211; Inscrever-se no site do clube (\u00edcone no canto superior direito da tela &#8220;inscreva-se&#8221;);<br \/>\n4 &#8211; Enviar email para cnm@niteroiense.org.br informando que realizou a compra do curso e j\u00e1 se inscreveu no site, bem como enviar c\u00f3pia digitalizada da\u00a0 Ficha de Inscri\u00e7\u00e3o do CBM e do Termo de Responsabilidade de Riscos devidamente preenchidos e assinados. Estes documentos est\u00e3o dispon\u00edveis nos links abaixo e suas vias originais dever\u00e3o ser entregues em conjunto com o atestado m\u00e9dico na primeira aula do CBM.<\/p>\n<p><strong><a href=\"https:\/\/www.niteroiense.org.br\/2025\/wp-content\/uploads\/2024\/05\/ficha-inscricao-cbm-2024.pdf\">Ficha de Inscri\u00e7\u00e3o do CBM<\/a><\/strong><\/p>\n<p><strong><a href=\"https:\/\/www.niteroiense.org.br\/2025\/wp-content\/uploads\/2024\/05\/termo-de-responsabilidade-de-risco-cnm.pdf\">Termo de Responsabilidade de Risco CNM<\/a><\/strong><\/p>\n<p><strong>Pol\u00edtica de Cancelamento<\/strong><\/p>\n<p>1- No cancelamento at\u00e9 15 dias antes do in\u00edcio das aulas ser\u00e1 devolvido o valor de 100% do valor do curso.<br \/>\n2- No cancelamento compreendido no per\u00edodo de 14 dias at\u00e9 o in\u00edcio das aulas somente ser\u00e1 devolvido 80% do valor do curso.<br \/>\n3- No cancelamento realizado ap\u00f3s o in\u00edcio do curso ser\u00e1 devolvido 70% do valor do curso, abatendo-se destes 70% o valor de R$70,00 (setenta reais) por aula ministrada at\u00e9 o dia da solicita\u00e7\u00e3o do cancelamento, n\u00e3o importando nesse caso se o aluno tenha efetivamente comparecido ou n\u00e3o as aulas haja vista que estas estavam a sua disposi\u00e7\u00e3o.<br \/>\n4- Eventual pedido de cancelamento dever\u00e1 ser encaminhado por e-mail para cnm<span class=\"\">@niteroiense.org.br<\/span><\/p>\n<h2><strong>Lista de Espera<\/strong><\/h2>\n<p>Clique abaixo para se cadastrar na lista de espera a fim de ser avisado quando da abertura de novas turmas ou em outros cursos.<\/p>\n<h3><a href=\"https:\/\/forms.gle\/qZGtiCiz1WwfKeuC6\">Lista de Espera dos Cursos<\/a><\/h3>\n\n    <div class=\"xs_social_share_widget xs_share_url after_content \t\tmain_content  wslu-style-1 wslu-share-box-shaped wslu-fill-colored wslu-none wslu-share-horizontal wslu-theme-font-no wslu-main_content\">\n\n\t\t\n        <ul>\n\t\t\t        <\/ul>\n    <\/div> \n","protected":false},"excerpt":{"rendered":"<p>[vc_row][vc_column][vc_column_text]O Curso: O CNM oferece o Curso B\u00e1sico de Montanhismo (CBM) que consiste na capacita\u00e7\u00e3o do aluno em conhecer e saber aplicar pr\u00e1ticas e procedimentos b\u00e1sicos de montanhismo (trilha, escalada, rapel, acampamento, planejamento de atividades etc\u2026), atrav\u00e9s do ensino de t\u00e9cnicas b\u00e1sicas para que o praticante possa realizar a pratica do montanhismo com seguran\u00e7a, conhecimento e \u00e9tica. As aulas ir\u00e3o abranger os seguintes t\u00f3picos: Montanhismo e \u00c9tica; Meio Ambiente e M\u00ednimo Impacto, Preven\u00e7\u00e3o de acidentes; Orienta\u00e7\u00e3o em trilhas; Nutri\u00e7\u00e3o, Equipamentos de Escalada, Caminhada, acampamento, N\u00f3s e cordas, T\u00e9cnicas de Caminhada, Escalada, Rapel e Acampamento, Manejo de trilhas. O nosso CBM tem certifica\u00e7\u00e3o pela Federa\u00e7\u00e3o de Esportes de Montanha do Estado do Rio de Janeiro &#8211; FEEMERJ, cumprindo todos os requisitos necess\u00e1rios exigidos. Programa\u00e7\u00e3o: O CBM consiste em 48 aulas, das quais 25 s\u00e3o pr\u00e1ticas e ocorrem aos finais de semana, enquanto que 23 s\u00e3o te\u00f3ricas e acontecem na sede do clube nas ter\u00e7as e quinta feira, no hor\u00e1rio da noite (19:00 \u00e0s 21:30). Cada Turma ter\u00e1 um calend\u00e1rio pr\u00e9-estabelecido, mas suas datas podem ser alteradas em fun\u00e7\u00e3o da previs\u00e3o do tempo ou de algum contratempo n\u00e3o previsto ou se previamente combinado com todos os participantes. As aulas pr\u00e1ticas ocorrem em Niter\u00f3i e munic\u00edpios lim\u00edtrofes, por\u00e9m algumas delas podem ocorrer na regi\u00e3o serrana fluminense. As aulas ter\u00e3o in\u00edcio previsto no dia 25\/06\/2024 com previs\u00e3o de t\u00e9rmino em 28\/09\/2024, caso n\u00e3o haja necessidade de remarcar atividade, conforme calend\u00e1rio divulgado. O aluno dever\u00e1 ter disposi\u00e7\u00e3o de data para todas as aulas do calend\u00e1rio. Informa\u00e7\u00f5es a respeito de faltas e custos de aulas de reposi\u00e7\u00e3o encontram-se na ficha de inscri\u00e7\u00e3o dispon\u00edvel no t\u00edtulo \u201cInscri\u00e7\u00f5es\u201d desta p\u00e1gina. Custo O curso tem as seguintes op\u00e7\u00f5es de custo: 1 \u2013 R$ 1.500,00 \u2013 N\u00e3o associado, com o empr\u00e9stimo de material; Clique aqui 2 \u2013 R$ 1.400,00 \u2013 N\u00e3o associado, sem o empr\u00e9stimo do material; Clique aqui 3 \u2013 R$ 1.350,00 \u2013 Associado, com empr\u00e9stimo de material. Clique aqui 4 \u2013 R$ 1.250,00 \u2013 Associado, sem empr\u00e9stimo de material. Clique aqui Forma de Pagamento: Estes valores s\u00e3o para o pagamento a vista ou podem ser parcelados de acordo com o PagSeguro (com juros). A confirma\u00e7\u00e3o da reserva da sua vaga ser\u00e1 feita mediante o pagamento do curso no site. Mas se por um acaso, voc\u00ea tenha feito o pagamento da reserva e o curso n\u00e3o ocorra, devolveremos imediatamente o que foi pago. Vagas Cada turma ter\u00e1 um m\u00ednimo de 6 e m\u00e1ximo de 8 alunos Pacote Ao se inscrever no curso, al\u00e9m das aulas, o aluno ter\u00e1 direito a: 1 \u2013 Uma semestralidade de associado do CNM; 2 \u2013 Uma camisa do CNM; 3 \u2013 Material did\u00e1tico; 4 \u2013 Empr\u00e9stimo de Kit b\u00e1sico para as aulas de escalada (Capacete, cadeirinha, mosquet\u00f5es, cordeletes, fitas e freio atc) \u2013 Exceto Sapatilha. OBS: O aluno dever\u00e1 adquirir sapatilha antes do in\u00edcio das aulas pr\u00e1ticas de escalada. No dia 4\/junho ser\u00e3o prestadas orienta\u00e7\u00f5es a respeito da sapatilha na sede do CNM, no entanto o candidato ao curso poder\u00e1 tirar d\u00favidas na sede agendando com o coordenador do Curso, atrav\u00e9s do whatsapp do CNM. A sede do CNM funciona \u00e0s ter\u00e7as e quintas de 19h \u00e0s 21h. Obs: Equipamentos de acampamento (barraca, saco de dormir, isolante t\u00e9rmico etc,..) e caminhada n\u00e3o s\u00e3o fornecidos pelo CNM. Pr\u00e9-requisitos Qualquer pessoa que esteja apto para a pr\u00e1tica de esportes, possuindo atestado m\u00e9dico neste sentido, est\u00e1 habilitada para fazer o curso, lembrando que n\u00e3o \u00e9 necess\u00e1rio ser membro do clube para participar. A idade m\u00ednima para participar do curso \u00e9 18 anos. Quanto ao material, n\u00f3s iremos informar o que \u00e9 necess\u00e1rio na primeira aula. A partir do dia 4\/jun, \u00e0s ter\u00e7as e quintas-feiras, exceto v\u00e9spera de feriado a coordena\u00e7\u00e3o do curso estar\u00e1 na sede de 19h \u00e0s 21h para tirar d\u00favidas do curso.\u00a0 Instrutores Os instrutores do CBM s\u00e3o formados pelo corpo de guia de escalada do CNM, de forma volunt\u00e1ria, que possuem forma\u00e7\u00e3o e experi\u00eancia suficientes para promover a atividade com a qualidade e seguran\u00e7a exigidas. Pr\u00f3xima Turma O cronograma da pr\u00f3xima turma que ter\u00e1 in\u00edcio em 25\/06\/2024, conforme calend\u00e1rio abaixo: Hor\u00e1rio das Aulas As aulas te\u00f3ricas ser\u00e3o realizadas na sede do CNM no hor\u00e1rio de 19:00 \u00e0s 21:30. Quanto as aulas pr\u00e1ticas os hor\u00e1rios das aulas ir\u00e3o variar de acordo com a atividade do dia, podendo durar meio dia ou o dia inteiro, com exce\u00e7\u00e3o das aulas de acampamento que ter\u00e1 dura\u00e7\u00e3o de um final de semana com pernoite. O aluno dever\u00e1 se organizar de forma a estar dispon\u00edvel para fazer as aulas em todas as datas do calend\u00e1rio. Para realizar sua inscri\u00e7\u00e3o no CBM: 1 &#8211; Ler a ficha de inscri\u00e7\u00e3o dispon\u00edvel no link abaixo. Esta ficha funciona como o contrato do curso e tem informa\u00e7\u00f5es importantes; 2 &#8211; Ap\u00f3s ler e concordar com os termos apresentados na ficha de inscri\u00e7\u00e3o : Fazer a compra do curso\u00a0 (Clique aqui para acessar o curso na loja); 3 &#8211; Inscrever-se no site do clube (\u00edcone no canto superior direito da tela &#8220;inscreva-se&#8221;); 4 &#8211; Enviar email para cnm@niteroiense.org.br informando que realizou a compra do curso e j\u00e1 se inscreveu no site, bem como enviar c\u00f3pia digitalizada da\u00a0 Ficha de Inscri\u00e7\u00e3o do CBM e do Termo de Responsabilidade de Riscos devidamente preenchidos e assinados. Estes documentos est\u00e3o dispon\u00edveis nos links abaixo e suas vias originais dever\u00e3o ser entregues em conjunto com o atestado m\u00e9dico na primeira aula do CBM. Ficha de Inscri\u00e7\u00e3o do CBM Termo de Responsabilidade de Risco CNM Pol\u00edtica de Cancelamento 1- No cancelamento at\u00e9 15 dias antes do in\u00edcio das aulas ser\u00e1 devolvido o valor de 100% do valor do curso. 2- No cancelamento compreendido no per\u00edodo de 14 dias at\u00e9 o in\u00edcio das aulas somente ser\u00e1 devolvido 80% do valor do curso. 3- No cancelamento realizado ap\u00f3s o in\u00edcio do curso ser\u00e1 devolvido 70% do valor do curso, abatendo-se destes 70% o valor de R$70,00 (setenta reais) por aula ministrada at\u00e9 o dia da solicita\u00e7\u00e3o do cancelamento, n\u00e3o importando nesse caso se o aluno tenha efetivamente comparecido ou n\u00e3o as aulas<\/p>\n","protected":false},"author":1,"featured_media":0,"parent":669,"menu_order":24,"comment_status":"closed","ping_status":"closed","template":"page-right-sidebar.php","meta":{"_eb_attr":"","postBodyCss":"","postBodyMargin":[],"postBodyPadding":[],"postBodyBackground":{"backgroundType":"classic","gradient":""},"footnotes":""},"class_list":["post-677","page","type-page","status-publish","hentry"],"_links":{"self":[{"href":"https:\/\/www.niteroiense.org.br\/2025\/wp-json\/wp\/v2\/pages\/677","targetHints":{"allow":["GET"]}}],"collection":[{"href":"https:\/\/www.niteroiense.org.br\/2025\/wp-json\/wp\/v2\/pages"}],"about":[{"href":"https:\/\/www.niteroiense.org.br\/2025\/wp-json\/wp\/v2\/types\/page"}],"author":[{"embeddable":true,"href":"https:\/\/www.niteroiense.org.br\/2025\/wp-json\/wp\/v2\/users\/1"}],"replies":[{"embeddable":true,"href":"https:\/\/www.niteroiense.org.br\/2025\/wp-json\/wp\/v2\/comments?post=677"}],"version-history":[{"count":29,"href":"https:\/\/www.niteroiense.org.br\/2025\/wp-json\/wp\/v2\/pages\/677\/revisions"}],"predecessor-version":[{"id":30162,"href":"https:\/\/www.niteroiense.org.br\/2025\/wp-json\/wp\/v2\/pages\/677\/revisions\/30162"}],"up":[{"embeddable":true,"href":"https:\/\/www.niteroiense.org.br\/2025\/wp-json\/wp\/v2\/pages\/669"}],"wp:attachment":[{"href":"https:\/\/www.niteroiense.org.br\/2025\/wp-json\/wp\/v2\/media?parent=677"}],"curies":[{"name":"wp","href":"https:\/\/api.w.org\/{rel}","templated":true}]}}